ppose 4 + 80 = -2*f. Let k = -5 - f. Is k composite?
False
Suppose -2386 = -4*r + 954. Is r prime?
False
Suppose -8*l = -5*l - 1677. Is l prime?
False
Let s be 30/7 - (-12)/(-42). Let g(p) = 10*p - 6. Is g(s) a composite number?
True
Suppose -4*s + 5*p + 26 = -11, -2*s - 4 = 2*p. Suppose 72 = -s*k + k. Let l = 67 + k. Is l prime?
True
Suppose 4*q - 7*j + 2*j + 12 = 0, 0 = -4*j + 16. Suppose 22 = 2*f - 4*s, 16 - 6 = -q*f - 4*s. Let o(c) = 8*c - 1. Is o(f) a composite number?
False
Let y(x) be the first derivative of 2*x**3/3 - x**2/2 - 2*x - 7. Is y(-3) prime?
True
Let p(m) = 12*m + 19. Is p(21) prime?
True
Let y(d) be the second derivative of -d**6/120 - 3*d**5/20 - d**4/8 - 2*d**3 + d**2 - d. Let p(g) be the first derivative of y(g). Is p(-9) a composite number?
True
Suppose -3*n = -3*v + 36, 0 = -2*n - 3*n + 5. Is -1*2/(-2)*v a prime number?
True
Suppose -11 = 2*m - 3. Let k(o) = 3*o - 2. Let f be k(m). Is (2/1)/((-4)/f) composite?
False
Let s = 18 - 11. Let a be 8/1*(-19)/(-2). Suppose s*j - 2*j - 25 = 0, 4*p = -4*j + a. Is p a composite number?
True
Let v = -10 + 15. Suppose v*p + g + 0 = 5, -5 = -g. Suppose p = -5*w - 3*s + 165, 5*s + 10 + 23 = w. Is w prime?
False
Let g = -787 - -2046. Is g composite?
False
Let w = 158 - 79. Is w a composite number?
False
Let r(j) = j**3 + 6*j**2 - 2*j - 13. Let q be r(-7). Let i = q + 315. Is i a composite number?
True
Let s = 2241 - 3717. Let c be 4/(-10) + s/(-15). Is c/(4/(-2))*-1 a composite number?
True
Let t(u) = u**2 + 6*u + 7. Let l(f) = f**2 + 5*f + 6. Let j(g) = 6*l(g) - 5*t(g). Suppose -b - 10 = -4. Is j(b) a composite number?
False
Suppose -3*j - 2*t = -783, t = 3 - 0. Let m = 265 + -431. Let a = m + j. Is a a composite number?
True
Suppose 0 = -2*b - 2*k + 590, b - 65 = -3*k + 230. Is b a prime number?
False
Let w(v) = -3*v**2 + 1. Let q be w(-1). Is 26 - (1 - (q - 0)) composite?
False
Let a(y) = 30*y - 15. Let r be a(8). Suppose b - 112 = r. Is b a composite number?
False
Suppose 5*m + 10 = -5. Is m*2/3*-89 composite?
True
Let g be -4 + -24*(-12)/9. Let h = g - 15. Is h composite?
False
Suppose -331 = -2*r - 109. Is r composite?
True
Let x = 0 + 1. Let j(d) = 3*d**2 + d - 1. Let l be j(x). Suppose 0*h - 117 = -l*h. Is h composite?
True
Suppose 3*c + 660 + 4 = 2*z, -660 = -2*z + 4*c. Suppose 2*i = z - 48. Is i a composite number?
True
Let w = -123 - -254. Is w a composite number?
False
Suppose -15 + 3 = -3*m. Let y = m - -49. Is y a composite number?
False
Suppose -2*m + 0*m - 3*a + 247 = 0, -5*m + 4*a = -675. Is m composite?
False
Let q(a) be the first derivative of -16*a**2 - 1. Let d be q(-4). Suppose d = 5*r - 137. Is r a prime number?
True
Suppose -4*x = -6*x. Suppose 0 = -2*q - x*q + 446. Is q a prime number?
True
Suppose 0*t - 2*t + 12 = 2*y, -5*y - 34 = -3*t. Suppose -t = 2*x - 4*x. Suppose x*c - 50 = -c. Is c a composite number?
True
Suppose -84 = 5*b + j, 3*j + 1 = -11. Let c be (b/(-6))/(6/9). Suppose 33 = c*v - 99. Is v a composite number?
True
Let i = -28 + 17. Let v(m) = 14*m - 9. Let q(d) = -14*d + 8. Let j(s) = 6*q(s) + 5*v(s). Is j(i) a composite number?
False
Suppose -4*u + 8 = -0*u. Suppose -u*x = -7*x + 445. Is x composite?
False
Suppose 13 - 4 = 3*a. Suppose a*m + 36 = m. Let z = -7 - m. Is z composite?
False
Let t = 16 + 111. Is t a composite number?
False
Let q be -1*(2 - 1 - 2). Is 2 - 19/q*-1 a prime number?
False
Suppose -13 - 3 = 4*h. Let a = 7 + -6. Is 91 + h*a/2 prime?
True
Suppose -2*a = -38 + 14. Suppose -4*b + 431 = g - 1058, -a = 4*g. Suppose 73 + b = 2*q. Is q prime?
True
Let b(o) = -2*o**3 - 3*o**2 + 3*o + 4. Is b(-3) a prime number?
False
Suppose 0 = -2*i - 4*d + 226, -d + 8 = d. Suppose 130 = 2*y + 4*q, -3*q + 204 = 3*y + 9. Suppose -2*b + 46 + y = 5*z, 5*b = -5*z + i. Is z a composite number?
False
Let g be (2/(-6))/(5/(-870)). Suppose -n = -f + 158 + g, 2*f = -3*n + 407. Is f a prime number?
True
Suppose 3*t + 6 = -3*h, -2*h = -t - 6*h - 8. Suppose t = -0*p + 5*p - 5*z - 10, 0 = -p - 4*z + 27. Is p a prime number?
True
Suppose 10*b - 934 = 8*b. Is b prime?
True
Suppose -w = -3*l + 2*w - 627, -5*l = 2*w + 1066. Let i = -123 - l. Is i a composite number?
False
Let x = 100 + -28. Suppose -2 = -5*m + 8. Suppose -y - l + 42 = 0, m*l = 2*y - 0*y - x. Is y composite?
True
Let y(i) = i**3 + 10*i**2 - 6*i - 8. Is y(-9) prime?
True
Let k(z) = 31*z + 3. Let b be k(-6). Let c = 28 - b. Is c composite?
False
Let d be (9/(-15))/((-1)/5). Suppose -d + 6 = j. Is 47 - -1 - (j - 2) prime?
True
Suppose -2*x = 3*x. Suppose -2*c + c + 34 = x. Suppose 0*w = -w + c. Is w composite?
True
Let z(j) = -142*j + 25. Is z(-9) a composite number?
False
Let t(x) = 23*x - 1. Suppose 0 = 3*k - 5*n - 20 - 0, 8 = -3*k - 2*n. Let g be (-2)/(k - (3 + -1)). Is t(g) composite?
True
Let k(y) = -10*y - 4. Let s(z) = -z - 1. Let g be s(6). Let j be k(g). Suppose -3*a + l = -j, l - 129 = -4*a - 34. Is a prime?
True
Let f = 0 + 8. Let n be 2 - 4 - (2 - 1). Is (110/f)/(n/(-12)) composite?
True
Suppose 0*h + 3*h = -5*b + 1267, 5*b - 10 = 0. Is h a prime number?
True
Suppose 608 = 5*i + 223. Is i a composite number?
True
Let r be (-48)/(-20) + 4/(-10). Suppose -2 + 14 = 3*x. Is (r/(-1))/x*-154 a prime number?
False
Suppose 0 = z + 7 + 35. Suppose -4*r - 142 = -50. Let k = r - z. Is k a composite number?
False
Suppose 2*k = 7*k + 40. Let p = k + 119. Is p a composite number?
True
Let c(b) = -3*b**3 + 8*b**2 + 5*b + 7. Is c(-5) a composite number?
False
Is -4 + (-26895)/(-21) + (-4)/(-14) prime?
True
Let s(w) be the first derivative of w**2/2 - w + 1. Let m be s(4). Suppose m = -4*t + 191. Is t prime?
True
Let b = 2766 + -1231. Is b a prime number?
False
Let b(u) = -u**2 - 7*u + 3. Let l be b(-8). Let f = l - -7. Suppose -3*w + 195 = f*w. Is w a prime number?
False
Let c = -2 - -81. Is c prime?
True
Let r(k) = -54627*k. Let z(l) = -143*l. Let n(g) = 4*r(g) - 1529*z(g). Is n(1) a composite number?
False
Suppose 2569 = 12*p - 6635. Is p composite?
True
Let g(q) be the third derivative of -q**5/60 + 3*q**4/8 - 3*q**3/2 + 6*q**2. Is g(6) a composite number?
True
Suppose 0 = 5*t - 0*t + 25, 3*c + 4*t - 577 = 0. Is c prime?
True
Let j(v) = 159*v**2 - v + 1. Let a be j(1). Is a/2 - 4/8 a prime number?
True
Suppose -z = z - 10. Suppose z*i - i = 104. Is i a prime number?
False
Let c be (-2)/(7/(-5) + 1). Let v(u) = -3 + 1 + u**2 - u**3 - 7*u + 6*u**2. Is v(c) a composite number?
False
Let b(q) = -559*q - 2. Let x be b(-3). Suppose -m = -6*m + x. Is m a prime number?
False
Suppose 3*q = w - 168, 0 = -3*w + 3*q + 577 - 43. Is w prime?
False
Let x = 1027 - 516. Is x prime?
False
Suppose -8 = 4*b, -2*y + 7*y = 2*b + 2609. Is y a prime number?
True
Suppose 2*s + 4*s = 15018. Is s composite?
False
Let x(g) = 30*g**2 + 12*g - 23. Is x(-8) composite?
False
Let s = -8 + 6. Let b(r) = -19*r - 1. Is b(s) a prime number?
True
Let d = 505 + 3442. Is d a prime number?
True
Suppose j - 87 = y + 347, j = 5*y + 446. Is j a prime number?
True
Suppose -460 = -5*x - 3*z, 4*x - z - 547 = -196. Is x prime?
True
Suppose -917 = -5*l - 2*m, -2*m = -2*l + 196 + 182. Is l a prime number?
False
Let u be (-2)/4*0/1. Suppose d = 4*v - 12, -2*v + 0*d - 3*d = -6. Suppose u*p - 6 = -v*p. Is p a composite number?
False
Let z be -1 + 4 + (-2)/2. Suppose 64 = z*h - 118. Is h composite?
True
Let h be 34*(550/(-4))/(-5). Suppose 235 - h = 5*x. Is (1/2)/((-2)/x) prime?
False
Let x(m) = -m**2 - 3*m + 2. Let j be x(-3). Suppose -4*a - 8 = -j*c, a = 3*c + 2*c - 2. Suppose u + 4*u - 290 = c. Is u a prime number?
False
Let w = 1151 + 810. Is w composite?
True
Suppose 12 + 54 = 3*f. Suppose l + f - 95 = -4*y, 4*l - 4*y = 252. Is l a prime number?
False
Let b(n) = -n**2 + 4*n - 6. Let x be b(4). Let u(d) be the first derivative of -d**4/4 - 2*d**3 - d**2 + 2*d - 1. Is u(x) a composite number?
True
Let l(n) = -n - n + 3 + 5*n**3 - 3*n + 2*n. Is l(2) a prime number?
True
Is 225 - 4/8*4 prime?
True
Suppose 2*v + 4 = -4*p, -5*v - 4*p + 7 + 1 = 0. Let c = v + 0. Suppose -2*m - 75 - 117 = -2*r, m + 369 = c*r. Is r a composite number?
True
Let t = 531 - 262. Is t prime?
True
Suppose 2*w - 3915 = 2*r - 595, -4*w - r + 6625 = 0. Is w composite?
False
Let k = 12443 - 6688. Is k a prime number?
False
Let n = -1 + 3. Is (-56)/(-3) + n/6 a prime number?
True
Let